y = s - 14. What is the units digit of y?
9
What is the units digit of (-8)/(-2) + 70/2?
9
Let z(i) = 14*i + 6. What is the tens digit of z(8)?
1
Let v(n) be the third derivative of n**7/1260 + n**6/360 + n**4/12 - 2*n**2. Let d(s) be the second derivative of v(s). What is the units digit of d(-3)?
2
Suppose 6 = 3*f + 12. What is the units digit of ((-1)/f)/(2/24)?
6
Let m(n) = -2*n - 6. Let q(p) = -p - 1. Let r(z) = -m(z) + 4*q(z). Let l be (-15)/10*(-12)/(-9). What is the units digit of r(l)?
6
Let y(p) = -2*p - 7. Let j(h) = -h**2 + 8*h - 9. Let u be j(6). Let z be (u/(-6))/((-1)/(-14)). What is the units digit of y(z)?
7
Let g be 171/(-6)*8/3. Let z = -46 - g. What is the tens digit of z?
3
Let b(u) = u**2 - u + 8. Let o(t) = -t**2 + 4. Let i be o(0). Let h = -4 + i. What is the units digit of b(h)?
8
Suppose -3*d = -d. Suppose 2*c + d*c - 10 = 0. Suppose 4*k + 1 = c. What is the units digit of k?
1
Let i = -87 + 156. What is the units digit of i?
9
Suppose 3*z - 7 = -4. What is the units digit of z - (-2 - (-1 - 1))?
1
Suppose 2*f - 2*d - 11 - 5 = 0, -40 = -5*f - 4*d. What is the units digit of f?
8
Let q = 35 + -3. What is the units digit of q?
2
Let n be 1 + (3/(-3) - -4). Suppose 3*w - n = -1. What is the units digit of w?
1
Suppose -6*b + 11*b - 165 = 0. What is the tens digit of b?
3
Let o(t) = 4*t - 1. Suppose x - 9 = 2*i, -15 = 4*x + x + 5*i. Let p be o(x). Suppose -4*y = -2*v - 12 - 14, -4*y + 31 = p*v. What is the units digit of y?
7
What is the tens digit of 38/(-133) - (-275)/7?
3
Suppose 23 = 3*m - 85. What is the units digit of m?
6
Suppose 2 = -3*q - 1. Let h be q*(1 + -5) + -1. What is the units digit of (h/(-6))/(1/(-6))?
3
Suppose 3*b = 4*q + 13 + 5, 3*q - 1 = -5*b. Let p be b/(2/(-3))*-4. Let d = p - 5. What is the units digit of d?
7
Let i(s) be the second derivative of -17*s**4/12 + s**3/3 + s**2/2 + s. Let o be i(-1). Let p = o - -29. What is the tens digit of p?
1
Let o(y) = 2*y**2 + 8*y + 8. Let t be o(-5). What is the units digit of (9/t)/(2/16)?
4
Suppose 3*s = -3*f + 21 - 6, 3*s - 20 = -4*f. What is the units digit of f?
5
Let d be -10*6/(-4)*1. Suppose 3 = 2*u - d. Let x(y) = y**3 - 10*y**2 + 12*y - 13. What is the units digit of x(u)?
4
Suppose -34 = -15*h + 14*h. What is the units digit of h?
4
Let o(p) = 18*p. Let m = 6 + -4. What is the units digit of o(m)?
6
Let y = -52 - -31. What is the units digit of 2/(-6)*y + 0?
7
Let v(l) = -l**2 + 9*l - 4. What is the units digit of v(7)?
0
Suppose -17 = 3*s - 4*s. What is the tens digit of s?
1
Let p(s) = -s**3 - 8*s**2 + 8*s + 8. Let h be p(-9). Suppose j - q = 1 + 6, -5*j - q = -h. What is the units digit of j?
4
Let w(q) = -35*q + 27. What is the units digit of w(-4)?
7
Suppose 3*t = 5*a + t - 18, 5*a - 22 = 3*t. What is the units digit of (a - (-9)/3)*1?
5
Suppose k - 2*u + 4 = 0, 11 = -5*k - 5*u + 51. Let i = k + -5. Let g = i - -2. What is the units digit of g?
1
Suppose f - 19 = 4*b + 2, 5*f = -5*b + 5. What is the units digit of f?
5
Suppose 215 = 4*w + 15. What is the units digit of w?
0
Let l(k) = -2*k + 3. Suppose 19 = -3*h - t, h + t = 1 - 4. What is the tens digit of l(h)?
1
Suppose 0*d - 3*d = -6. Suppose 0 = 4*c - 0*c. Suppose t + d*t - 21 = c. What is the units digit of t?
7
Let i(s) = s**3 - 2*s**2 + 2*s - 4. What is the units digit of i(3)?
1
Let n(g) = -g - 3. Let j(x) = -2*x - 3. Let p(w) = 2*j(w) - 3*n(w). Suppose 0 = -t - 0*t - 4. What is the units digit of p(t)?
7
Let v(u) = u**2 + 4*u - 1. Let t(p) = -4*p**2 - 16*p + 4. Let i(k) = 2*t(k) + 9*v(k). What is the units digit of i(-8)?
1
What is the hundreds digit of (756/(-16))/(26/16 + -2)?
1
Suppose 0 = -4*j + 21 + 123. What is the units digit of j?
6
Let t = -9 + 18. Let z(h) = h**3 - 10*h**2 + 9*h + 4. What is the units digit of z(t)?
4
Suppose -7*q = -2*q. Let x(y) = -y**2 + 8. What is the units digit of x(q)?
8
Let c(u) = -u**3 + 4*u**2 - 2*u - 1. Let p be c(2). Suppose 3*k - 4*k = -16. Suppose 5*n = p*n + k. What is the units digit of n?
8
Let o(v) = -v + 5. What is the units digit of o(-23)?
8
Suppose 5*i - 50 = 7*x - 2*x, 0 = -2*i + x + 23. What is the tens digit of i?
1
Suppose 5*h + 4*n + 1100 = 9*h, -4*h + 1094 = 2*n. What is the tens digit of h?
7
Suppose -5*b = -q - 522, -b - 4*q + 304 = 2*b. What is the hundreds digit of b?
1
Let b(f) be the second derivative of f**3/6 + 4*f**2 - f. What is the units digit of b(-6)?
2
Let b(i) = 8*i - 4. What is the tens digit of b(2)?
1
Let b(x) = 6*x**3 + 2*x**2 - x. Let v be b(1). Suppose -y + 5*f + 27 = 0, -y = f - 4 + v. What is the units digit of y?
2
Suppose 2*w = 2*c + 18, -4*c = -8*c + 3*w - 34. Let b be 2 - (2 + 3 + c). What is the tens digit of b/(-22) - (-224)/22?
1
Suppose -4*u = -2*w - 394, 4*u - 3*w + 369 = 8*u. What is the tens digit of u?
9
Let i(v) = v**3 + 9*v**2 - v - 6. Let m be i(-9). Suppose 2 = -u + 5*z, -3*z + 2*z = m*u - 10. What is the units digit of u?
3
Let l = 401 + -278. What is the units digit of l?
3
Suppose 0 = -2*y + 8, 0 = -4*r - y - 44. Let n = r - -49. What is the tens digit of n?
3
Suppose -u = -3*j + 6, 3 = j + u - 3. Suppose j*k + 37 = 133. What is the tens digit of k?
3
Let y be (-2)/8 - 52/(-16). Suppose y*q - 32 = 10. What is the tens digit of q?
1
Let i(q) = -4*q + 1. Suppose 0*x = -x - 1. Let k be i(x). Suppose 3*t - 49 = k. What is the tens digit of t?
1
Let f(x) = 3*x**2 - 7*x + 1. What is the units digit of f(5)?
1
Let z be (-5)/(-10) - (-226)/(-4). Let k = -32 - z. What is the tens digit of k?
2
Let c be 22/6 + 4/(-6). Let z(f) = -f**3 - 8*f**2 - 6. Let q be z(-8). What is the units digit of -2*c/q - -3?
4
Suppose l + l = -4*z, 2*l = 4*z. What is the units digit of l*1/1 + 6?
6
Let r(j) = -j**2 - 8*j + 3. Let i be r(-8). Let q = i - -2. Suppose -4*s = q*c - 36, 5*c - s - s - 42 = 0. What is the units digit of c?
8
Suppose -5 = 4*c - 17. Suppose 0 = -c*n + 9 - 3, r - 33 = -n. What is the tens digit of r?
3
Suppose i + 13 = -2. What is the units digit of (12/10)/((-2)/i)?
9
Suppose -4*u - 11 + 31 = 0. What is the units digit of u?
5
Let k be 4/14 - (-138)/(-42). Let c(f) = 5*f - 3. Let n be c(k). What is the tens digit of (-4)/n + (-212)/(-18)?
1
What is the units digit of (1130/10)/((-2)/(-4))?
6
Let d = 3 + 0. Suppose -w = 5*t + d*w - 23, -5*w + 10 = 0. Suppose -t*a - 4 = 2, 3*v + a - 25 = 0. What is the units digit of v?
9
Suppose 13 = -4*w - 0*w + 5*f, -3*w - 4*f + 29 = 0. Suppose -16 = -c + 5*t, -3*t = c + w*c + 5. Suppose 3*n - c = 17. What is the units digit of n?
6
Let i = -7 + 11. Suppose -2*y = i*v - 22, -3*y + 9 + 0 = 2*v. Let w(t) = t. What is the units digit of w(v)?
6
Let c(v) = 5*v + 71. What is the units digit of c(-9)?
6
Suppose 0 = v + 14 - 4. Suppose -15 + 7 = 4*w. Let n = w - v. What is the units digit of n?
8
Suppose 3*b - 20 = 1. Let y = -4 + b. Let s = y + 2. What is the units digit of s?
5
Let g = 60 - -12. Let z = -37 + g. What is the tens digit of z?
3
Let o = 1 - 8. Let v(b) = -1 + 1 - 5 - b**2 - 8*b. What is the units digit of v(o)?
2
Suppose 0*x + 4 = x. Let g = -2 + x. Suppose -6*b + 92 = 4*h - g*b, 0 = -5*h - 2*b + 100. What is the tens digit of h?
1
Let d be (9/(-15))/(1/(-15)). What is the units digit of (d - (1 + -1)) + 0?
9
Let i be 3 - (0 - 2 - 1). What is the units digit of (-12)/(-1) - (6 - i)?
2
Suppose 0 = -p - 4*d + 84, -2*p - 372 = -6*p - 4*d. What is the units digit of (p/40)/((-2)/(-20))?
4
Let z(t) = -4*t - 6. Let s be z(-4). Let k = s + -10. What is the units digit of (-2 - (-44 + k))/2?
1
Let o = 9 + -4. Suppose r - 4*r + 12 = 0. Suppose 3*n + 2*n - 4 = -p, r*n = -o*p + 41. What is the units digit of p?
9
Suppose -85 + 745 = 5*j. What is the hundreds digit of j?
1
Suppose 14*n - 16*n + 134 = 0. What is the tens digit of n?
6
Let r(u) = -u**2 + u + 2. Let b be (-2)/9 + (-20)/(-9). Suppose 2*h - b = -4*p, p = -p + 3*h - 3. What is the units digit of r(p)?
2
What is the units digit of (-9)/15 + (0 - 909/(-15))?
0
Suppose -3*b = 2*u - 23, -6*u + 4*b = -4*u - 16. Let z(a) = -a**2 + 11*a. What is the units digit of z(u)?
0
Suppose -m - 82 = -4*g + m, 45 = 3*g + 4*m. What is the units digit of g?
9
Let o(p) = 4*p**3. Let s be o(-1). Let c = s - -6. What is the units digit of c?
2
Suppose 3*p - p = 28. Suppose r - p = -0*s - s, -4*s - 2*r = -56. What is the 